{"id":40,"date":"2023-01-27T18:20:54","date_gmt":"2023-01-27T17:20:54","guid":{"rendered":"https:\/\/vipcaribi.rs\/?page_id=40"},"modified":"2023-01-27T20:51:22","modified_gmt":"2023-01-27T19:51:22","slug":"kontakt","status":"publish","type":"page","link":"https:\/\/vipcaribi.rs\/?page_id=40","title":{"rendered":"Kontakt"},"content":{"rendered":"\n<div class=\"wp-block-group is-layout-constrained wp-block-group-is-layout-constrained\">\n<p class=\"has-text-align-center\">Ukoliko imate bilo kakva pitanja, primedbe ili sugestije molimo Vas da nas kontaktirate. Na\u0161 profesionalni tim podr\u0161ke \u0107e se potruditi da Vam odgovori u \u0161to kra\u0107em vremenskom roku.<\/p>\n<\/div>\n\n\n\n<div class=\"wp-block-columns is-layout-flex wp-container-core-columns-is-layout-28f84493 wp-block-columns-is-layout-flex\">\n<div class=\"wp-block-column is-layout-flow wp-block-column-is-layout-flow\">\r\n<!-- START JS for Form ID: 75 -->\r\n<script type=\"text\/javascript\">\r\njQuery(document).ready(function($) {\r\n\r\n    jQuery(\"#preloader-psqwuh\").fadeOut(500, function() {\r\n        jQuery(\"#ecf-form-psqwuh\").fadeIn(300);\r\n    });\r\n\r\n    Ladda.bind('.ladda-button');\r\n\r\n    $(function() {\r\n\r\n        \r\n        \/* Validation *\/\r\n        $(\"#form-psqwuh\").validate({\r\n            \/* Rules for form validation *\/\r\n            rules: {\r\n                name0:{required: true},email1:{required: true,email: true},text2:{required: true},message3:{required: true,minlength: 10},\r\n\r\n                            },\r\n            \/* Messages for form validation *\/\r\n            messages: {\r\n                name0:{required: \"Polje je zahtevano\"},email1:{required: \"Polje je zahtevano\"},text2:{required: \"Polje je zahtevano\"},message3:{required: \"Polje je zahtevano\"}            },\r\n            \/* Do not change code below *\/\r\n            errorPlacement: function(error, element) {\r\n                error.insertAfter(element.parent());\r\n            },\r\n\r\n            submitHandler: function(form) {\r\n                                ecf_onsubmit(jQuery('.form-psqwuh'));\r\n\r\n                \r\n            },\r\n\r\n            invalidHandler: function(form) {\r\n                Ladda.stopAll();\r\n            },\r\n\r\n            onkeyup: false,\r\n            onfocusout: false,\r\n            onclick: false\r\n\r\n        });\r\n    });\r\n\r\n\r\n    \/* Form Submit ( Ajax ) *\/\r\n    function ecf_onsubmit(form) {\r\n\r\n        if (form.attr('action') == '#') {\r\n\r\n            data = {};\r\n            eldat = [];\r\n            data['action'] = 'ecf_deliver_mail';\r\n            data['formid'] = '75';\r\n            data['security'] = 'd1061e482a';\r\n\r\n\r\n            \r\n            jQuery('input, textarea', form).each(function(key) {\r\n\r\n                items = {};\r\n\r\n                if (typeof $(this).data('type') === 'undefined') {\r\n                    return true;\r\n                }\r\n\r\n\r\n                \r\n                items['type'] = $(this).data('type');\r\n                items['label'] = $(this).data('label');\r\n                items['value'] = this.value;\r\n                items['name'] = this.name;\r\n\r\n                eldat.push(items);\r\n\r\n            });\r\n\r\n\r\n                        data['allelmnt'] = JSON.stringify(eldat);\r\n\r\n            submitForm();\r\n\r\n            return false;\r\n\r\n        }\r\n\r\n    }\r\n\r\n    \/* Start submitForm\t *\/\r\n    function submitForm() {\r\n\r\n        jQuery.ajax({\r\n            url: 'https:\/\/vipcaribi.rs\/wp-admin\/admin-ajax.php',\r\n            type: 'POST',\r\n            dataType: 'json',\r\n            data: data,\r\n            success: function(data) {\r\n\r\n                if (data.Ok == true) {\r\n\r\n                    $(\"#form-psqwuh\").get(0).reset();\r\n\r\n                    if (data.msg == 'redirect') {\r\n                        window.location = \"http:\/\/\";\r\n                    } else {\r\n                        notifyme('Va\u0161a poruka je uspe\u0161no poslata. Hvala', 'n', 'success',\r\n                            'left middle');\r\n                    }\r\n\r\n                } else {\r\n                    $(\"#form-psqwuh\").get(0).reset();\r\n                    notifyme(data.msg, 'n', 'error', 'left middle');\r\n                }\r\n\r\n                Ladda.stopAll();\r\n\r\n            }\r\n        });\r\n\r\n        \r\n    }\r\n\r\n\r\n    \/* Notify *\/\r\n    function notifyme(msg, b, typ, pos) {\r\n        if (b == 'n') {\r\n            b = 'cf-submittedpsqwuh';\r\n        } else {\r\n            b = 'atcpsqwuh';\r\n        }\r\n\r\n        $(\"#\" + b).gnotify(msg, {\r\n            style: \"nbootstrap\",\r\n            elementPosition: pos,\r\n            className: typ\r\n        });\r\n\r\n        msg = null;\r\n        typ = null;\r\n\r\n    }\r\n\r\n});\r\n<\/script>\r\n<!-- END JS for Form ID: 75 -->\r\n\r\n<!-- START Form Markup for Form ID: 75 -->\r\n<div id=\"preloader-psqwuh\" class=\"ecfpreloader\"><\/div>\r\n<div id=\"ecf-form-psqwuh\" class=\"ecf-body\">\r\n    <form method=\"post\" enctype=\"multipart\/form-data\" action=\"#\" id=\"form-psqwuh\" class=\"ecf-form form-psqwuh\">\r\n        <header>Kontaktirajte nas<\/header>        <fieldset>\r\n            <section><label class=\"label\">Ime:<\/label><label class=\"input\"><input data-type=\"name\" data-label=\"Ime:\" id=\"name0\" type=\"text\" name=\"name0\" \/><\/label><\/section><section><label class=\"label\">Email<\/label><label class=\"input\"><input data-type=\"email\" data-label=\"Email\" id=\"email1\" type=\"text\" name=\"email1\" \/><\/label><\/section><section><label class=\"label\">Naslov:<\/label><label class=\"input\"><input data-type=\"text\" data-label=\"Naslov:\" id=\"text2\" type=\"text\" name=\"text2\" \/><\/label><\/section><section><label class=\"label\">Poruka:<\/label><label class=\"textarea\"><textarea data-type=\"message\" data-label=\"Poruka:\" id=\"message3\" name=\"message3\" rows=\"7\"><\/textarea><\/label><\/section>        <\/fieldset>\r\n        <footer>\r\n            <button data-style=\"slide-down\" id=\"cf-submittedpsqwuh\" class=\"ecfbutton ladda-button\" type=\"submit\" name=\"cf-submittedpsqwuh\"><span class=\"ladda-label\">SEND<\/span><\/button>\r\n        <\/footer>\r\n    <\/form>\r\n\r\n    \r\n<\/div>\r\n<!-- END Form Markup for Form ID: 75 -->\r\n\r\n\r\n\t\t\t\t<\/div>\n\n\n\n<div class=\"wp-block-column is-layout-flow wp-block-column-is-layout-flow\">\n<p><\/p>\n\n\n\n<h5 class=\"wp-block-heading\">VIP Caribi d.o.o.<\/h5>\n\n\n\n<p class=\"has-medium-font-size\">Adresa: Pa\u0161i\u0107eva 5, 15300 Loznica, Srbija<br>Telefon: +381 69 1700001<br>e-mail: <a href=\"mailto:office@vipcaribi.rs\">office@vipcaribi.rs<\/a><br>PIB: RS-113476113<br>Mati\u010dni broj: 21873977<br>Teku\u0107i ra\u010dun: 170-0030060531000-79<br>APR re\u0161enje broj: <a rel=\"noreferrer noopener\" href=\"https:\/\/vipcaribi.rs\/wp-content\/uploads\/2023\/01\/AprDoc.doc\" data-type=\"attachment\" data-id=\"83\" target=\"_blank\">\u0411\u0414 1919\/2023<\/a><br>PVD potvrda: <a rel=\"noreferrer noopener\" href=\"https:\/\/vipcaribi.rs\/wp-content\/uploads\/2023\/01\/PotvrdaORegistracijiPDV_VIP-CARIBI.pdf\" data-type=\"attachment\" data-id=\"84\" target=\"_blank\">\u0420\u0415\u0413\u041f\u0414\u0412-1071136<\/a><\/p>\n\n\n\n<div class=\"wp-block-webfactory-map\"><div class=\"wp-block-webfactory-map\"><iframe loading=\"lazy\" width=\"100%\" height=\"300px\" src=\"https:\/\/www.google.com\/maps\/embed\/v1\/place?q=pa%C5%A1i%C4%87eva%205%20loznica&amp;maptype=roadmap&amp;zoom=16&amp;key=AIzaSyAjyDspiPfzEfjRSS5fQzm-3jHFjHxeXB4\" frameborder=\"0\"><\/iframe><\/div><\/div>\n<\/div>\n<\/div>\n","protected":false},"excerpt":{"rendered":"<p>Ukoliko imate bilo kakva pitanja, primedbe ili sugestije molimo Vas da nas kontaktirate. Na\u0161 profesionalni tim podr\u0161ke \u0107e se potruditi da Vam odgovori u \u0161to kra\u0107em vremenskom roku. VIP Caribi d.o.o. Adresa: Pa\u0161i\u0107eva 5, 15300 Loznica, SrbijaTelefon: +381 69 1700001e-mail: office@vipcaribi.rsPIB: RS-113476113Mati\u010dni broj: 21873977Teku\u0107i ra\u010dun: 170-0030060531000-79APR re\u0161enje broj: \u0411\u0414 1919\/2023PVD potvrda: \u0420\u0415\u0413\u041f\u0414\u0412-1071136<\/p>\n","protected":false},"author":1,"featured_media":0,"parent":0,"menu_order":0,"comment_status":"closed","ping_status":"closed","template":"","meta":{"ngg_post_thumbnail":0,"footnotes":""},"class_list":["post-40","page","type-page","status-publish","hentry"],"_links":{"self":[{"href":"https:\/\/vipcaribi.rs\/index.php?rest_route=\/wp\/v2\/pages\/40","targetHints":{"allow":["GET"]}}],"collection":[{"href":"https:\/\/vipcaribi.rs\/index.php?rest_route=\/wp\/v2\/pages"}],"about":[{"href":"https:\/\/vipcaribi.rs\/index.php?rest_route=\/wp\/v2\/types\/page"}],"author":[{"embeddable":true,"href":"https:\/\/vipcaribi.rs\/index.php?rest_route=\/wp\/v2\/users\/1"}],"replies":[{"embeddable":true,"href":"https:\/\/vipcaribi.rs\/index.php?rest_route=%2Fwp%2Fv2%2Fcomments&post=40"}],"version-history":[{"count":12,"href":"https:\/\/vipcaribi.rs\/index.php?rest_route=\/wp\/v2\/pages\/40\/revisions"}],"predecessor-version":[{"id":96,"href":"https:\/\/vipcaribi.rs\/index.php?rest_route=\/wp\/v2\/pages\/40\/revisions\/96"}],"wp:attachment":[{"href":"https:\/\/vipcaribi.rs\/index.php?rest_route=%2Fwp%2Fv2%2Fmedia&parent=40"}],"curies":[{"name":"wp","href":"https:\/\/api.w.org\/{rel}","templated":true}]}}