{"id":24,"date":"2023-01-27T17:47:14","date_gmt":"2023-01-27T16:47:14","guid":{"rendered":"https:\/\/vipcaribi.rs\/?page_id=24"},"modified":"2023-02-01T20:04:34","modified_gmt":"2023-02-01T19:04:34","slug":"proizvodi","status":"publish","type":"page","link":"https:\/\/vipcaribi.rs\/?page_id=24","title":{"rendered":"Proizvodi"},"content":{"rendered":"\n<div class=\"wp-block-group is-layout-constrained wp-block-group-is-layout-constrained\">\n<p class=\"has-text-align-center\">Predstavljamo Vam revolucionarne osve\u017eiva\u010de prostora poznatih premium mirisnih nota. Visoko kvalitetni i dugotrajni proizvodi svetski poznate firme CARIBI LTD Sofia u \u010dijem je vlasni\u0161tvu VIP brend. Sve mirisne note su pa\u017eljivo odabrane i stvarane dugogodi\u0161njim iskustvom u ovoj oblasti koje traje preko 25 godina. <\/p>\n<\/div>\n\n\n\n<div class=\"wp-block-group is-layout-constrained wp-block-group-is-layout-constrained\">\n<div class=\"wp-block-columns is-layout-flex wp-container-core-columns-is-layout-28f84493 wp-block-columns-is-layout-flex\">\n<div class=\"wp-block-column is-layout-flow wp-block-column-is-layout-flow\">\n<h5 class=\"has-text-align-center wp-block-heading\">VIP Parfemisane Jelkice<\/h5>\n\n\n\n<p class=\"has-medium-font-size\">Vrhunski i dugotrajni mirisi za Va\u0161 automobil ili prostor. U ponudi imamo 84 razli\u010dita vama poznata mirisa, odaberite svoj omiljeni.<\/p>\n\n\n\n<figure class=\"wp-block-image size-full\"><a href=\"https:\/\/vipcaribi.rs\/?page_id=169\"><img loading=\"lazy\" decoding=\"async\" width=\"782\" height=\"521\" src=\"https:\/\/vipcaribi.rs\/wp-content\/uploads\/2023\/01\/vippaco2.jpg\" alt=\"VIP Parfimisana jelkica\" class=\"wp-image-13\" srcset=\"https:\/\/vipcaribi.rs\/wp-content\/uploads\/2023\/01\/vippaco2.jpg 782w, https:\/\/vipcaribi.rs\/wp-content\/uploads\/2023\/01\/vippaco2-300x200.jpg 300w, https:\/\/vipcaribi.rs\/wp-content\/uploads\/2023\/01\/vippaco2-768x512.jpg 768w\" sizes=\"auto, (max-width: 782px) 100vw, 782px\" \/><\/a><\/figure>\n\n\n\n<div class=\"wp-block-buttons is-content-justification-center is-layout-flex wp-container-core-buttons-is-layout-a89b3969 wp-block-buttons-is-layout-flex\">\n<div class=\"wp-block-button\"><a class=\"wp-block-button__link wp-element-button\" href=\"https:\/\/vipcaribi.rs\/?page_id=169\">Saznajte vi\u0161e<\/a><\/div>\n<\/div>\n<\/div>\n\n\n\n<div class=\"wp-block-column is-layout-flow wp-block-column-is-layout-flow\">\n<h5 class=\"has-text-align-center wp-block-heading\">VIP Auto Parfemi<\/h5>\n\n\n\n<p class=\"has-medium-font-size\">Uverite se u visoki kvalitet svetskih najpoznatijih auto parfema. Savr\u0161ene mirisne note \u0107e Vam obogatiti prostor u kom \u0107e te u\u017eivati u nezaboravnom i iskustvu.<\/p>\n\n\n\n<figure class=\"wp-block-image size-full\"><a href=\"https:\/\/vipcaribi.rs\/?page_id=171\"><img loading=\"lazy\" decoding=\"async\" width=\"782\" height=\"521\" src=\"https:\/\/vipcaribi.rs\/wp-content\/uploads\/2023\/01\/parf22.jpg\" alt=\"VIP Auto Parfemi\" class=\"wp-image-15\" srcset=\"https:\/\/vipcaribi.rs\/wp-content\/uploads\/2023\/01\/parf22.jpg 782w, https:\/\/vipcaribi.rs\/wp-content\/uploads\/2023\/01\/parf22-300x200.jpg 300w, https:\/\/vipcaribi.rs\/wp-content\/uploads\/2023\/01\/parf22-768x512.jpg 768w\" sizes=\"auto, (max-width: 782px) 100vw, 782px\" \/><\/a><\/figure>\n\n\n\n<div class=\"wp-block-buttons is-content-justification-center is-layout-flex wp-container-core-buttons-is-layout-a89b3969 wp-block-buttons-is-layout-flex\">\n<div class=\"wp-block-button\"><a class=\"wp-block-button__link wp-element-button\" href=\"https:\/\/vipcaribi.rs\/?page_id=171\">Saznajte vi\u0161e<\/a><\/div>\n<\/div>\n<\/div>\n<\/div>\n<\/div>\n","protected":false},"excerpt":{"rendered":"<p>Predstavljamo Vam revolucionarne osve\u017eiva\u010de prostora poznatih premium mirisnih nota. Visoko kvalitetni i dugotrajni proizvodi svetski poznate firme CARIBI LTD Sofia u \u010dijem je vlasni\u0161tvu VIP brend. Sve mirisne note su pa\u017eljivo odabrane i stvarane dugogodi\u0161njim iskustvom u ovoj oblasti koje traje preko 25 godina. VIP Parfemisane Jelkice Vrhunski i dugotrajni mirisi za Va\u0161 automobil ili [&hellip;]<\/p>\n","protected":false},"author":1,"featured_media":0,"parent":0,"menu_order":0,"comment_status":"closed","ping_status":"closed","template":"","meta":{"ngg_post_thumbnail":0,"footnotes":""},"class_list":["post-24","page","type-page","status-publish","hentry"],"_links":{"self":[{"href":"https:\/\/vipcaribi.rs\/index.php?rest_route=\/wp\/v2\/pages\/24","targetHints":{"allow":["GET"]}}],"collection":[{"href":"https:\/\/vipcaribi.rs\/index.php?rest_route=\/wp\/v2\/pages"}],"about":[{"href":"https:\/\/vipcaribi.rs\/index.php?rest_route=\/wp\/v2\/types\/page"}],"author":[{"embeddable":true,"href":"https:\/\/vipcaribi.rs\/index.php?rest_route=\/wp\/v2\/users\/1"}],"replies":[{"embeddable":true,"href":"https:\/\/vipcaribi.rs\/index.php?rest_route=%2Fwp%2Fv2%2Fcomments&post=24"}],"version-history":[{"count":18,"href":"https:\/\/vipcaribi.rs\/index.php?rest_route=\/wp\/v2\/pages\/24\/revisions"}],"predecessor-version":[{"id":207,"href":"https:\/\/vipcaribi.rs\/index.php?rest_route=\/wp\/v2\/pages\/24\/revisions\/207"}],"wp:attachment":[{"href":"https:\/\/vipcaribi.rs\/index.php?rest_route=%2Fwp%2Fv2%2Fmedia&parent=24"}],"curies":[{"name":"wp","href":"https:\/\/api.w.org\/{rel}","templated":true}]}}